{"id":1016,"date":"2024-05-04T12:49:42","date_gmt":"2024-05-04T12:49:42","guid":{"rendered":"http:\/\/les-jardins-du-bien-etre.com\/?page_id=1016"},"modified":"2025-09-22T14:35:37","modified_gmt":"2025-09-22T14:35:37","slug":"jeux-de-carte-creative","status":"publish","type":"page","link":"http:\/\/les-jardins-du-bien-etre.com\/?page_id=1016","title":{"rendered":"Cartes Cr\u00e9atives au fil des Saisons"},"content":{"rendered":"<div id=\"pl-1016\"  class=\"panel-layout\" ><div id=\"pg-1016-0\"  class=\"panel-grid panel-no-style\" ><div id=\"pgc-1016-0-0\"  class=\"panel-grid-cell\" ><div id=\"panel-1016-0-0-0\" class=\"so-panel widget widget_headline-widget panel-first-child panel-last-child\" data-index=\"0\" >\t\t<h1>CARTES CREATIVES AU FIL DES SAISONS<\/h1>\n\t\t<div class=\"decoration\"><div class=\"decoration-inside\"><\/div><\/div>\n\t\t<h3>Cr\u00e9er des cartes uniques chaque mois<\/h3>\n\t\t<\/div><\/div><\/div><div id=\"pg-1016-1\"  class=\"panel-grid panel-no-style\" ><div id=\"pgc-1016-1-0\"  class=\"panel-grid-cell\" ><div id=\"panel-1016-1-0-0\" class=\"so-panel widget widget_sow-image panel-first-child panel-last-child\" data-index=\"1\" ><div\n\t\t\t\n\t\t\tclass=\"so-widget-sow-image so-widget-sow-image-default-c67d20f9f743-1016\"\n\t\t\t\n\t\t>\n<div class=\"sow-image-container\">\n\t\t<img \n\tsrc=\"http:\/\/les-jardins-du-bien-etre.com\/wp-content\/uploads\/2024\/05\/simon-alexis-111-768x712.jpg\" width=\"720\" height=\"668\" srcset=\"http:\/\/les-jardins-du-bien-etre.com\/wp-content\/uploads\/2024\/05\/simon-alexis-111-768x712.jpg 768w, http:\/\/les-jardins-du-bien-etre.com\/wp-content\/uploads\/2024\/05\/simon-alexis-111-300x278.jpg 300w, http:\/\/les-jardins-du-bien-etre.com\/wp-content\/uploads\/2024\/05\/simon-alexis-111-1024x950.jpg 1024w, http:\/\/les-jardins-du-bien-etre.com\/wp-content\/uploads\/2024\/05\/simon-alexis-111-1536x1425.jpg 1536w, http:\/\/les-jardins-du-bien-etre.com\/wp-content\/uploads\/2024\/05\/simon-alexis-111.jpg 1600w\" sizes=\"(max-width: 720px) 100vw, 720px\" alt=\"\" \t\tclass=\"so-widget-image\"\/>\n\t<\/div>\n\n<\/div><\/div><\/div><\/div><div id=\"pg-1016-2\"  class=\"panel-grid panel-has-style\" ><div class=\"wide-grey panel-row-style panel-row-style-for-1016-2\" ><div id=\"pgc-1016-2-0\"  class=\"panel-grid-cell\" ><div id=\"panel-1016-2-0-0\" class=\"so-panel widget widget_black-studio-tinymce widget_black_studio_tinymce panel-first-child\" data-index=\"2\" ><h3 class=\"widget-title\"> ZOOM CREATIF : Cartes au fil des saisons<\/h3><div class=\"textwidget\"><p><span style=\"text-decoration: underline;\"><span style=\"font-size: 20px;\">Cycle de 10 s\u00e9ances mensuelles un samedi par mois \/ Atelier de 4h : 14 h - 18h<\/span><\/span><\/p>\n<\/div><\/div><div id=\"panel-1016-2-0-1\" class=\"so-panel widget widget_black-studio-tinymce widget_black_studio_tinymce panel-last-child\" data-index=\"3\" ><div class=\"textwidget\"><p><span style=\"font-size: 16px;\"><strong>S'accorder \u00e0 la roue des saisons en exprimant l'\u00e9nergie cr\u00e9atrice qui circule en nous en vivant notre plein potentiel . Nourrir ses forces et \u00eatre \u00e0 l'\u00e9coute de sa sensibilit\u00e9 . S'enrichir des enseignements de chaque saison et laissez \u00e9clore son pouvoir cr\u00e9ateur au travers de la cr\u00e9ation de cartes qui vont alimenter notre force de vie et notre confiance au quotidien .\u00a0<\/strong><\/span><\/p>\n<p><span style=\"font-size: 16px;\"><strong>Chaque atelier sera une fusion de trois techniques : collage , aquarelle , <\/strong><\/span><span style=\"font-size: 16px;\"><strong>zentangle et en fin de cycle vous cr\u00e9erez un livret qui rassemblera votre voyage\u00a0 cr\u00e9atif .<\/strong><\/span><\/p>\n<p><span style=\"font-size: 16px;\"><strong>Chaque session d\u00e9marre en douceur avec\u00a0 la pr\u00e9sentation de l'\u00e9nergie de la saison en cours , cr\u00e9ation d'une carte \u00e0 base de jeux graphiques ,\u00a0 pratique d'un yoga nidra ou d'une m\u00e9ditation, suivi d'une carte \u00e0 base de collage puis\u00a0 partage en fin de s\u00e9ance .\u00a0<\/strong><\/span><\/p>\n<p><span style=\"font-size: 16px;\">Outils : encre aquarelle , collage , aquarelle, gouache ,techniques mixtes , pochoirs , \u00e9criture, lettrage ..<\/span><\/p>\n<p>&nbsp;<\/p>\n<p><b>COMMENT S'INSCRIRE<\/b><\/p>\n<ul>\n<li>Inscription pour le cycle complet<\/li>\n<li>Contactez Catherine ALEXIS par mail ou par t\u00e9l\u00e9phone<\/li>\n<li><strong><span style=\"font-size: 14px;\">catherine.alexis@wanadoo.fr \/ tel :06 11 50 01 88<\/span><\/strong><\/li>\n<li>Recevez les informations de paiement , le lien zoom et la liste de mat\u00e9riel<\/li>\n<li>Connectez vous le jour J et laissez s'exprimer votre cr\u00e9ativit\u00e9<\/li>\n<\/ul>\n<p>&nbsp;<\/p>\n<\/div><\/div><\/div><\/div><\/div><div id=\"pg-1016-3\"  class=\"panel-grid panel-no-style\" ><div id=\"pgc-1016-3-0\"  class=\"panel-grid-cell panel-grid-cell-empty\" ><\/div><div id=\"pgc-1016-3-1\"  class=\"panel-grid-cell panel-grid-cell-mobile-last\" ><div id=\"panel-1016-3-1-0\" class=\"so-panel widget widget_headline-widget panel-first-child panel-last-child\" data-index=\"4\" >\t\t<h1>GROUPE DE 3 \u00e0 6 PERSONNES<\/h1>\n\t\t<div class=\"decoration\"><div class=\"decoration-inside\"><\/div><\/div>\n\t\t<h3>MODALITES PRATIQUES<\/h3>\n\t\t<\/div><\/div><div id=\"pgc-1016-3-2\"  class=\"panel-grid-cell panel-grid-cell-empty\" ><\/div><\/div><div id=\"pg-1016-4\"  class=\"panel-grid panel-no-style\" ><div id=\"pgc-1016-4-0\"  class=\"panel-grid-cell panel-grid-cell-empty\" ><\/div><div id=\"pgc-1016-4-1\"  class=\"panel-grid-cell\" ><div id=\"panel-1016-4-1-0\" class=\"so-panel widget widget_circleicon-widget panel-first-child panel-last-child\" data-index=\"5\" >\t\t<div class=\"circle-icon-box circle-icon-position-top circle-icon-hide-box circle-icon-size-small\">\n\t\t\t<div class=\"circle-icon-wrapper\">\n\t\t\t\t\t\t\t\t<div class=\"circle-icon\" >\n\t\t\t\t\t<div class=\"fa fa-info\" ><\/div>\t\t\t\t<\/div>\n\t\t\t\t\t\t\t<\/div>\n\n\t\t\t\t\t\t<h4 >Inscription<\/h4>\t\t\t\n\t\t\t<p class=\"text\" >Acompte de 50\u20ac ( encaissable apr\u00e8s le premier atelier)<\/p>\t\t\t\t\t<\/div>\n\t\t<\/div><\/div><div id=\"pgc-1016-4-2\"  class=\"panel-grid-cell\" ><div id=\"panel-1016-4-2-0\" class=\"so-panel widget widget_circleicon-widget panel-first-child panel-last-child\" data-index=\"6\" >\t\t<div class=\"circle-icon-box circle-icon-position-top circle-icon-hide-box circle-icon-size-small\">\n\t\t\t<div class=\"circle-icon-wrapper\">\n\t\t\t\t\t\t\t\t<div class=\"circle-icon icon-style-set\" style=\"background-image: url(http:\/\/COMMENT%20S&#039;INSCRIRE%20%20Choisissez%20votre%20stage%20ou%20vos%20stages%20pr\u00e9f\u00e9r\u00e9s%20Contactez%20Catherine%20ALEXIS%20par%20mail%20ou%20par%20t\u00e9l\u00e9phone%20Recevez%20les%20informations%20de%20paiement%20,%20le%20lien%20zoom%20et%20la%20liste%20de%20mat\u00e9riel%20Connectez%20vous%20le%20jour%20J%20et%20laissez%20s&#039;exprimer%20votre%20cr\u00e9ativit\u00e9)\">\n\t\t\t\t\t<div class=\"fa fa-euro icon-color-set\" ><\/div>\t\t\t\t<\/div>\n\t\t\t\t\t\t\t<\/div>\n\n\t\t\t\t\t\t<h4 >Tarifs<\/h4>\t\t\t\n\t\t\t<p class=\"text\" >    50\u20ac par s\u00e9ance (s\u00e9ance de 4h )  + 30\u20ac cotisation annuelle association<\/p>\t\t\t\t\t<\/div>\n\t\t<\/div><\/div><div id=\"pgc-1016-4-3\"  class=\"panel-grid-cell panel-grid-cell-mobile-last\" ><div id=\"panel-1016-4-3-0\" class=\"so-panel widget widget_circleicon-widget panel-first-child panel-last-child\" data-index=\"7\" >\t\t<div class=\"circle-icon-box circle-icon-position-top circle-icon-hide-box circle-icon-size-small\">\n\t\t\t<div class=\"circle-icon-wrapper\">\n\t\t\t\t\t\t\t\t<div class=\"circle-icon\" >\n\t\t\t\t\t<div class=\"fa fa-clock-o\" ><\/div>\t\t\t\t<\/div>\n\t\t\t\t\t\t\t<\/div>\n\n\t\t\t\t\t\t<h4 >Dates et Horaires<\/h4>\t\t\t\n\t\t\t<p class=\"text\" >                 D\u00e9but du cycle Octobre 2025                         un samedi par mois 14H -18H<\/p>\t\t\t\t\t<\/div>\n\t\t<\/div><\/div><div id=\"pgc-1016-4-4\"  class=\"panel-grid-cell panel-grid-cell-empty\" ><\/div><\/div><div id=\"pg-1016-5\"  class=\"panel-grid panel-no-style\" ><div id=\"pgc-1016-5-0\"  class=\"panel-grid-cell\" ><div id=\"panel-1016-5-0-0\" class=\"so-panel widget widget_headline-widget panel-first-child panel-last-child\" data-index=\"8\" >\t\t<h1>Session 2025-2026<\/h1>\n\t\t<div class=\"decoration\"><div class=\"decoration-inside\"><\/div><\/div>\n\t\t<h3>INSCRITION POUR LE CYCLE COMPLET<\/h3>\n\t\t<\/div><\/div><\/div><div id=\"pg-1016-6\"  class=\"panel-grid panel-no-style\" ><div id=\"pgc-1016-6-0\"  class=\"panel-grid-cell panel-grid-cell-empty\" ><\/div><div id=\"pgc-1016-6-1\"  class=\"panel-grid-cell\" ><div id=\"panel-1016-6-1-0\" class=\"so-panel widget widget_black-studio-tinymce widget_black_studio_tinymce panel-first-child panel-last-child\" data-index=\"9\" ><div class=\"infosRounded panel-widget-style panel-widget-style-for-1016-6-1-0\" ><div class=\"textwidget\"><p style=\"text-align: center;\"><span style=\"font-size: 16px;\"><strong>AUTOMNE : <span style=\"font-size: 16px;\">4 \/10 - 15 \/ 11 -\u00a0 6 \/12 \/2025<\/span><\/strong><\/span><\/p>\n<p style=\"text-align: center;\"><span style=\"font-size: 16px;\"><strong>HIVER : <span style=\"font-size: 16px;\">10 \/01 -\u00a0 \u00a014 \/ 02 -\u00a0 14 \/03 \/ 2026<\/span><\/strong><\/span><\/p>\n<p style=\"text-align: center;\"><span style=\"font-size: 16px;\"><strong>PRINTEMPS : 11<span style=\"font-size: 16px;\">\/ 04 -\u00a0 9 \/05 \/2026<\/span><\/strong><\/span><\/p>\n<p style=\"text-align: center;\"><span style=\"font-size: 16px;\"><strong>ETE : <span style=\"font-size: 16px;\">6 \/06 - 4 \/ 07 \/ 2026<\/span><\/strong><\/span><\/p><\/div><\/div><\/div><\/div><div id=\"pgc-1016-6-2\"  class=\"panel-grid-cell panel-grid-cell-empty panel-grid-cell-mobile-last\" ><\/div><div id=\"pgc-1016-6-3\"  class=\"panel-grid-cell panel-grid-cell-empty\" ><\/div><\/div><\/div>","protected":false},"excerpt":{"rendered":"<p>CARTES CREATIVES AU FIL DES SAISONS Cr\u00e9er des cartes uniques chaque mois ZOOM CREATIF : Cartes au fil des saisonsCycle de 10 s\u00e9ances mensuelles un samedi par mois \/ Atelier de 4h : 14 h &#8211; 18h S&rsquo;accorder \u00e0 la roue des saisons en exprimant l&rsquo;\u00e9nergie cr\u00e9atrice qui circule en nous en vivant notre plein [&hellip;]<\/p>\n","protected":false},"author":3,"featured_media":0,"parent":0,"menu_order":0,"comment_status":"closed","ping_status":"closed","template":"","meta":{"_exactmetrics_skip_tracking":false,"_exactmetrics_sitenote_active":false,"_exactmetrics_sitenote_note":"","_exactmetrics_sitenote_category":0,"footnotes":""},"class_list":["post-1016","page","type-page","status-publish","hentry","post"],"_links":{"self":[{"href":"http:\/\/les-jardins-du-bien-etre.com\/index.php?rest_route=\/wp\/v2\/pages\/1016","targetHints":{"allow":["GET"]}}],"collection":[{"href":"http:\/\/les-jardins-du-bien-etre.com\/index.php?rest_route=\/wp\/v2\/pages"}],"about":[{"href":"http:\/\/les-jardins-du-bien-etre.com\/index.php?rest_route=\/wp\/v2\/types\/page"}],"author":[{"embeddable":true,"href":"http:\/\/les-jardins-du-bien-etre.com\/index.php?rest_route=\/wp\/v2\/users\/3"}],"replies":[{"embeddable":true,"href":"http:\/\/les-jardins-du-bien-etre.com\/index.php?rest_route=%2Fwp%2Fv2%2Fcomments&post=1016"}],"version-history":[{"count":4,"href":"http:\/\/les-jardins-du-bien-etre.com\/index.php?rest_route=\/wp\/v2\/pages\/1016\/revisions"}],"predecessor-version":[{"id":1242,"href":"http:\/\/les-jardins-du-bien-etre.com\/index.php?rest_route=\/wp\/v2\/pages\/1016\/revisions\/1242"}],"wp:attachment":[{"href":"http:\/\/les-jardins-du-bien-etre.com\/index.php?rest_route=%2Fwp%2Fv2%2Fmedia&parent=1016"}],"curies":[{"name":"wp","href":"https:\/\/api.w.org\/{rel}","templated":true}]}}