{"id":173,"date":"2015-12-21T18:17:30","date_gmt":"2015-12-21T18:17:30","guid":{"rendered":"http:\/\/les-jardins-du-bien-etre.com\/?page_id=173"},"modified":"2026-04-09T10:38:34","modified_gmt":"2026-04-09T10:38:34","slug":"croissances-personnel-avec-lart","status":"publish","type":"page","link":"http:\/\/les-jardins-du-bien-etre.com\/?page_id=173","title":{"rendered":"Stages Cr\u00e9atifs"},"content":{"rendered":"<div id=\"pl-173\"  class=\"panel-layout\" ><div id=\"pg-173-0\"  class=\"panel-grid panel-has-style\" ><div class=\"wide-grey panel-row-style panel-row-style-for-173-0\" ><div id=\"pgc-173-0-0\"  class=\"panel-grid-cell\" ><div id=\"panel-173-0-0-0\" class=\"so-panel widget widget_black-studio-tinymce widget_black_studio_tinymce panel-first-child panel-last-child\" data-index=\"0\" ><div class=\"textwidget\"><div id=\"panel-15-0-0-0\" class=\"panel widget widget_headline-widget panel-first-child\">\n<div class=\"panel-widget-style\">\n<h1><span style=\"font-size: 36px; color: #0597fe;\">Stages cr\u00e9atifs<\/span><\/h1>\n<p><span style=\"font-size: 20px;\"><b><i>\" Cr\u00e9er , c'est offrir \u00e0 l'\u00e2me un temps de respiration \"<\/i><\/b><\/span><\/div>\n<\/div>\n<\/div><\/div><\/div><\/div><\/div><div id=\"pg-173-1\"  class=\"panel-grid panel-no-style\" ><div id=\"pgc-173-1-0\"  class=\"panel-grid-cell panel-grid-cell-empty\" ><\/div><div id=\"pgc-173-1-1\"  class=\"panel-grid-cell panel-grid-cell-mobile-last\" ><div id=\"panel-173-1-1-0\" class=\"so-panel widget widget_black-studio-tinymce widget_black_studio_tinymce panel-first-child panel-last-child\" data-index=\"1\" ><div class=\"panel-widget-style panel-widget-style-for-173-1-1-0\" ><div class=\"textwidget\"><a href=\"http:\/\/les-jardins-du-bien-etre.com\/wp-content\/uploads\/2014\/12\/IMG_1107.jpg\"><img loading=\"lazy\" decoding=\"async\" class=\"size-large wp-image-24 aligncenter\" src=\"http:\/\/les-jardins-du-bien-etre.com\/wp-content\/uploads\/2014\/12\/IMG_1107-1024x342.jpg\" alt=\"\" width=\"720\" height=\"240\" srcset=\"http:\/\/les-jardins-du-bien-etre.com\/wp-content\/uploads\/2014\/12\/IMG_1107-1024x342.jpg 1024w, http:\/\/les-jardins-du-bien-etre.com\/wp-content\/uploads\/2014\/12\/IMG_1107-300x100.jpg 300w, http:\/\/les-jardins-du-bien-etre.com\/wp-content\/uploads\/2014\/12\/IMG_1107.jpg 1080w\" sizes=\"auto, (max-width: 720px) 100vw, 720px\" \/><\/a>\n<p style=\"text-align: center;\">REVELER SON EXPRESSION CREATIVE !<\/p>\n\n&nbsp;\n<p style=\"text-align: left;\">Les stages cr\u00e9atifs sont des espaces prolong\u00e9s d'exploration et d'expression , permettant de s'immerger pleinement dans la rencontre entre relaxation et pratique artistique .<\/p>\n<p style=\"text-align: left;\">\u00a0C'est aussi se poser dans l'instant pr\u00e9sent\u00a0 tout en laissant l'esprit s'\u00e9vader du rythme effr\u00e9n\u00e9 de la vie quotidienne, permettant un retour \u00e0 soi et une reconnexion avec ses propres aspirations et projets .<\/p>\n\n&nbsp;\n\n<strong><em><span style=\"font-size: 14px;\">Des stages cr\u00e9atifs sur plusieurs demi-journ\u00e9es ou journ\u00e9es\u00a0 , que vous soyez d\u00e9butant ou exp\u00e9riment\u00e9... h\u00e9bergement possible dans les alentours de l'atelier ...<\/span><\/em><\/strong><\/div><\/div><\/div><\/div><div id=\"pgc-173-1-2\"  class=\"panel-grid-cell panel-grid-cell-empty\" ><\/div><\/div><div id=\"pg-173-2\"  class=\"panel-grid panel-no-style\" ><div id=\"pgc-173-2-0\"  class=\"panel-grid-cell panel-grid-cell-empty\" ><\/div><div id=\"pgc-173-2-1\"  class=\"panel-grid-cell\" ><div id=\"panel-173-2-1-0\" class=\"so-panel widget widget_sow-button panel-first-child panel-last-child\" data-index=\"2\" ><div\n\t\t\t\n\t\t\tclass=\"so-widget-sow-button so-widget-sow-button-flat-a05752bb0c30-173\"\n\t\t\t\n\t\t><div class=\"ow-button-base ow-button-align-center\"\n>\n\t\t\t<a\n\t\t\t\t\thref=\"http:\/\/les-jardins-du-bien-etre.com\/?page_id=849\"\n\t\t\t\t\tclass=\"sowb-button ow-icon-placement-left ow-button-hover\" \t>\n\t\t<span>\n\t\t\t\t\t\t\t<div class=\"sow-icon-image\" style=\"background-image: url(http:\/\/les-jardins-du-bien-etre.com\/wp-content\/uploads\/2014\/12\/07-150x150.jpg)\"><\/div>\n\t\t\t\t\n\t\t\tMandala - Talisman\t\t<\/span>\n\t\t\t<\/a>\n\t<\/div>\n<\/div><\/div><\/div><div id=\"pgc-173-2-2\"  class=\"panel-grid-cell panel-grid-cell-empty\" ><\/div><div id=\"pgc-173-2-3\"  class=\"panel-grid-cell\" ><div id=\"panel-173-2-3-0\" class=\"so-panel widget widget_sow-button panel-first-child panel-last-child\" data-index=\"3\" ><div\n\t\t\t\n\t\t\tclass=\"so-widget-sow-button so-widget-sow-button-flat-a05752bb0c30-173\"\n\t\t\t\n\t\t><div class=\"ow-button-base ow-button-align-center\"\n>\n\t\t\t<a\n\t\t\t\t\thref=\"http:\/\/les-jardins-du-bien-etre.com\/?page_id=1090\"\n\t\t\t\t\tclass=\"sowb-button ow-icon-placement-left ow-button-hover\" \t>\n\t\t<span>\n\t\t\t\t\t\t\t<div class=\"sow-icon-image\" style=\"background-image: url(http:\/\/les-jardins-du-bien-etre.com\/wp-content\/uploads\/2024\/05\/simon-alexis-121-150x150.jpg)\"><\/div>\n\t\t\t\t\n\t\t\tPortrait d'ailleurs\t\t<\/span>\n\t\t\t<\/a>\n\t<\/div>\n<\/div><\/div><\/div><div id=\"pgc-173-2-4\"  class=\"panel-grid-cell panel-grid-cell-empty panel-grid-cell-mobile-last\" ><\/div><div id=\"pgc-173-2-5\"  class=\"panel-grid-cell panel-grid-cell-empty\" ><\/div><\/div><\/div>","protected":false},"excerpt":{"rendered":"<p>Stages cr\u00e9atifs \u00a0\u00bb Cr\u00e9er , c&rsquo;est offrir \u00e0 l&rsquo;\u00e2me un temps de respiration \u00a0\u00bb REVELER SON EXPRESSION CREATIVE ! &nbsp; Les stages cr\u00e9atifs sont des espaces prolong\u00e9s d&rsquo;exploration et d&rsquo;expression , permettant de s&rsquo;immerger pleinement dans la rencontre entre relaxation et pratique artistique . \u00a0C&rsquo;est aussi se poser dans l&rsquo;instant pr\u00e9sent\u00a0 tout en laissant l&rsquo;esprit [&hellip;]<\/p>\n","protected":false},"author":3,"featured_media":0,"parent":170,"menu_order":0,"comment_status":"closed","ping_status":"closed","template":"templates\/template-full-notitle.php","meta":{"_exactmetrics_skip_tracking":false,"_exactmetrics_sitenote_active":false,"_exactmetrics_sitenote_note":"","_exactmetrics_sitenote_category":0,"footnotes":""},"class_list":["post-173","page","type-page","status-publish","hentry","post"],"_links":{"self":[{"href":"http:\/\/les-jardins-du-bien-etre.com\/index.php?rest_route=\/wp\/v2\/pages\/173","targetHints":{"allow":["GET"]}}],"collection":[{"href":"http:\/\/les-jardins-du-bien-etre.com\/index.php?rest_route=\/wp\/v2\/pages"}],"about":[{"href":"http:\/\/les-jardins-du-bien-etre.com\/index.php?rest_route=\/wp\/v2\/types\/page"}],"author":[{"embeddable":true,"href":"http:\/\/les-jardins-du-bien-etre.com\/index.php?rest_route=\/wp\/v2\/users\/3"}],"replies":[{"embeddable":true,"href":"http:\/\/les-jardins-du-bien-etre.com\/index.php?rest_route=%2Fwp%2Fv2%2Fcomments&post=173"}],"version-history":[{"count":5,"href":"http:\/\/les-jardins-du-bien-etre.com\/index.php?rest_route=\/wp\/v2\/pages\/173\/revisions"}],"predecessor-version":[{"id":1208,"href":"http:\/\/les-jardins-du-bien-etre.com\/index.php?rest_route=\/wp\/v2\/pages\/173\/revisions\/1208"}],"up":[{"embeddable":true,"href":"http:\/\/les-jardins-du-bien-etre.com\/index.php?rest_route=\/wp\/v2\/pages\/170"}],"wp:attachment":[{"href":"http:\/\/les-jardins-du-bien-etre.com\/index.php?rest_route=%2Fwp%2Fv2%2Fmedia&parent=173"}],"curies":[{"name":"wp","href":"https:\/\/api.w.org\/{rel}","templated":true}]}}

Stages Créatifs

<div id="pl-173"  class="panel-layout" ><div id="pg-173-0"  class="panel-grid panel-has-style" ><div class="wide-grey panel-row-style panel-row-style-for-173-0" ><div id="pgc-173-0-0"  class="panel-grid-cell" ><div id="panel-173-0-0-0" class="so-panel widget widget_black-studio-tinymce widget_black_studio_tinymce panel-first-child panel-last-child" data-index="0" ><div class="textwidget"><div id="panel-15-0-0-0" class="panel widget widget_headline-widget panel-first-child">
<div class="panel-widget-style">
<h1><span style="font-size: 36px; color: #0597fe;">Stages créatifs</span></h1>
<p><span style="font-size: 20px;"><b><i>" Créer , c'est offrir à l'âme un temps de respiration "</i></b></span></div>
</div>
</div></div></div></div></div><div id="pg-173-1"  class="panel-grid panel-no-style" ><div id="pgc-173-1-0"  class="panel-grid-cell panel-grid-cell-empty" ></div><div id="pgc-173-1-1"  class="panel-grid-cell panel-grid-cell-mobile-last" ><div id="panel-173-1-1-0" class="so-panel widget widget_black-studio-tinymce widget_black_studio_tinymce panel-first-child panel-last-child" data-index="1" ><div class="panel-widget-style panel-widget-style-for-173-1-1-0" ><div class="textwidget"><a href="http://les-jardins-du-bien-etre.com/wp-content/uploads/2014/12/IMG_1107.jpg"><img loading="lazy" decoding="async" class="size-large wp-image-24 aligncenter" src="http://les-jardins-du-bien-etre.com/wp-content/uploads/2014/12/IMG_1107-1024x342.jpg" alt="" width="720" height="240" srcset="http://les-jardins-du-bien-etre.com/wp-content/uploads/2014/12/IMG_1107-1024x342.jpg 1024w, http://les-jardins-du-bien-etre.com/wp-content/uploads/2014/12/IMG_1107-300x100.jpg 300w, http://les-jardins-du-bien-etre.com/wp-content/uploads/2014/12/IMG_1107.jpg 1080w" sizes="auto, (max-width: 720px) 100vw, 720px" /></a>
<p style="text-align: center;">REVELER SON EXPRESSION CREATIVE !</p>

&nbsp;
<p style="text-align: left;">Les stages créatifs sont des espaces prolongés d'exploration et d'expression , permettant de s'immerger pleinement dans la rencontre entre relaxation et pratique artistique .</p>
<p style="text-align: left;"> C'est aussi se poser dans l'instant présent  tout en laissant l'esprit s'évader du rythme effréné de la vie quotidienne, permettant un retour à soi et une reconnexion avec ses propres aspirations et projets .</p>

&nbsp;

<strong><em><span style="font-size: 14px;">Des stages créatifs sur plusieurs demi-journées ou journées  , que vous soyez débutant ou expérimenté... hébergement possible dans les alentours de l'atelier ...</span></em></strong></div></div></div></div><div id="pgc-173-1-2"  class="panel-grid-cell panel-grid-cell-empty" ></div></div><div id="pg-173-2"  class="panel-grid panel-no-style" ><div id="pgc-173-2-0"  class="panel-grid-cell panel-grid-cell-empty" ></div><div id="pgc-173-2-1"  class="panel-grid-cell" ><div id="panel-173-2-1-0" class="so-panel widget widget_sow-button panel-first-child panel-last-child" data-index="2" ><div
			
			class="so-widget-sow-button so-widget-sow-button-flat-a05752bb0c30-173"
			
		><div class="ow-button-base ow-button-align-center"
>
			<a
					href="http://les-jardins-du-bien-etre.com/?page_id=849"
					class="sowb-button ow-icon-placement-left ow-button-hover" 	>
		<span>
							<div class="sow-icon-image" style="background-image: url(http://les-jardins-du-bien-etre.com/wp-content/uploads/2014/12/07-150x150.jpg)"></div>
				
			Mandala - Talisman		</span>
			</a>
	</div>
</div></div></div><div id="pgc-173-2-2"  class="panel-grid-cell panel-grid-cell-empty" ></div><div id="pgc-173-2-3"  class="panel-grid-cell" ><div id="panel-173-2-3-0" class="so-panel widget widget_sow-button panel-first-child panel-last-child" data-index="3" ><div
			
			class="so-widget-sow-button so-widget-sow-button-flat-a05752bb0c30-173"
			
		><div class="ow-button-base ow-button-align-center"
>
			<a
					href="http://les-jardins-du-bien-etre.com/?page_id=1090"
					class="sowb-button ow-icon-placement-left ow-button-hover" 	>
		<span>
							<div class="sow-icon-image" style="background-image: url(http://les-jardins-du-bien-etre.com/wp-content/uploads/2024/05/simon-alexis-121-150x150.jpg)"></div>
				
			Portrait d'ailleurs		</span>
			</a>
	</div>
</div></div></div><div id="pgc-173-2-4"  class="panel-grid-cell panel-grid-cell-empty panel-grid-cell-mobile-last" ></div><div id="pgc-173-2-5"  class="panel-grid-cell panel-grid-cell-empty" ></div></div></div>

<p>Stages créatifs  » Créer , c&rsquo;est offrir à l&rsquo;âme un temps de respiration  » REVELER SON EXPRESSION CREATIVE ! &nbsp; Les stages créatifs sont des espaces prolongés d&rsquo;exploration et d&rsquo;expression , permettant de s&rsquo;immerger pleinement dans la rencontre entre relaxation et pratique artistique .  C&rsquo;est aussi se poser dans l&rsquo;instant présent  tout en laissant l&rsquo;esprit [&hellip;]</p>
