{"id":442,"date":"2018-03-29T23:06:44","date_gmt":"2018-03-29T23:06:44","guid":{"rendered":"http:\/\/les-jardins-du-bien-etre.com\/?page_id=442"},"modified":"2025-09-02T12:16:55","modified_gmt":"2025-09-02T12:16:55","slug":"creation-mandala","status":"publish","type":"page","link":"http:\/\/les-jardins-du-bien-etre.com\/?page_id=442","title":{"rendered":"Carnet cr\u00e9atif en voyage"},"content":{"rendered":"<div id=\"pl-442\"  class=\"panel-layout\" ><div id=\"pg-442-0\"  class=\"panel-grid panel-no-style\" ><div id=\"pgc-442-0-0\"  class=\"panel-grid-cell\" ><div id=\"panel-442-0-0-0\" class=\"so-panel widget widget_headline-widget panel-first-child panel-last-child\" data-index=\"0\" >\t\t<h1>Atelier carnet cr\u00e9atif en voyage<\/h1>\n\t\t<div class=\"decoration\"><div class=\"decoration-inside\"><\/div><\/div>\n\t\t<h3> LA CREATIVITE , C'EST L'INTELLIGENCE QUI S'AMUSE <\/h3>\n\t\t<\/div><\/div><\/div><div id=\"pg-442-1\"  class=\"panel-grid panel-no-style\" ><div id=\"pgc-442-1-0\"  class=\"panel-grid-cell\" ><div id=\"panel-442-1-0-0\" class=\"so-panel widget widget_sow-image panel-first-child panel-last-child\" data-index=\"1\" ><div\n\t\t\t\n\t\t\tclass=\"so-widget-sow-image so-widget-sow-image-default-c67d20f9f743-442\"\n\t\t\t\n\t\t>\n<div class=\"sow-image-container\">\n\t\t<img \n\tsrc=\"http:\/\/les-jardins-du-bien-etre.com\/wp-content\/uploads\/2024\/05\/simon-alexis-117.jpg\" width=\"1547\" height=\"563\" srcset=\"http:\/\/les-jardins-du-bien-etre.com\/wp-content\/uploads\/2024\/05\/simon-alexis-117.jpg 1547w, http:\/\/les-jardins-du-bien-etre.com\/wp-content\/uploads\/2024\/05\/simon-alexis-117-300x109.jpg 300w, http:\/\/les-jardins-du-bien-etre.com\/wp-content\/uploads\/2024\/05\/simon-alexis-117-1024x373.jpg 1024w, http:\/\/les-jardins-du-bien-etre.com\/wp-content\/uploads\/2024\/05\/simon-alexis-117-768x279.jpg 768w, http:\/\/les-jardins-du-bien-etre.com\/wp-content\/uploads\/2024\/05\/simon-alexis-117-1536x559.jpg 1536w\" sizes=\"(max-width: 1547px) 100vw, 1547px\" title=\"La cr\u00e9ativit\u00e9 c&#039;est l&#039;intelligence qui s&#039;amuse..\" alt=\"\" \t\tclass=\"so-widget-image\"\/>\n\t<\/div>\n\n<\/div><\/div><\/div><\/div><div id=\"pg-442-2\"  class=\"panel-grid panel-has-style\" ><div class=\"wide-grey panel-row-style panel-row-style-for-442-2\" ><div id=\"pgc-442-2-0\"  class=\"panel-grid-cell\" ><div id=\"panel-442-2-0-0\" class=\"so-panel widget widget_black-studio-tinymce widget_black_studio_tinymce panel-first-child panel-last-child\" data-index=\"2\" ><h3 class=\"widget-title\">UNE APPROCHE LUDIQUE POUR  DONNER DES AILES A SA CREATIVITE<\/h3><div class=\"textwidget\"><p style=\"text-align: center;\"><span style=\"font-size: 14px;\">\u00a0 \u00a0 \u00a0 \u00a0 \u00a0 \u00a0 \u00a0 \u00a0 \u00a0 \u00a0<\/span><\/p>\n<p style=\"text-align: center;\"><span style=\"font-size: 14px;\">\u00a0 \u00a0 \u00a0 \u00a0 \u00a0 \u00a0 \u00a0 \u00a0 \u00a0\u00a0<\/span><\/p>\n<p style=\"text-align: center;\"><span style=\"font-family: tahoma, arial, helvetica, sans-serif;\"><b><i><span style=\"font-size: 20px;\">\u00a0<span style=\"font-size: 16px;\">Le carnet cr\u00e9atif en voyage est un livre de bord personnel\u00a0<\/span><\/span><\/i><\/b><\/span><\/p>\n<p style=\"text-align: center;\"><span style=\"font-family: tahoma, arial, helvetica, sans-serif; font-size: 16px;\"><b><i>orient\u00e9 sur un th\u00e8me\u00a0 qui facilite la spontan\u00e9it\u00e9 et l'expression de sa sensibilt\u00e9 <\/i><\/b><\/span><b><i><\/i><\/b><span style=\"font-family: tahoma, arial, helvetica, sans-serif; font-size: 16px;\"><b><i>..<\/i><\/b><\/span><\/p>\n<p style=\"text-align: center;\"><span style=\"font-size: 16px; font-family: tahoma, arial, helvetica, sans-serif;\"><strong><em>C'est un espace intime o\u00f9 po\u00e9sie et plaisir se conjuguent au pr\u00e9sent <\/em><\/strong><\/span><\/p>\n<p style=\"text-align: center;\"><span style=\"font-size: 14px;\">\u00a0\u00a0<span style=\"font-size: 16px;\">Le carnet cr\u00e9atif en voyage\u00a0 s'adresse \u00e0 tout le monde .<\/span><\/span><\/p>\n<p style=\"text-align: center;\"><span style=\"font-size: 16px;\">\u00a0 \u00a0 \u00a0 \u00a0 \u00a0<\/span><\/p>\n<p>Votre carnet est votre terrain de jeu artistique , un laboratoire personnel o\u00f9 vous pourrez exp\u00e9rimenter et apprendre . Il sera un objet pr\u00e9cieux , la trace de votre propre exp\u00e9rience graphique et la manifestation de votre style personnel .<\/p>\n<p>A chaque s\u00e9ance , vous composerez une page de votre carnet sur un th\u00e8me propos\u00e9 .L'apprentissage se fait au travers de d\u00e9monstrations pas \u00e0 pas qui permettent \u00e0 chacun de cr\u00e9er \u00e0 son rythme . Chaque s\u00e9ance se termine avec un partage d'exp\u00e9rience .<\/p>\n<p><strong><em>Le mat\u00e9riel de base est fourni ; vous aurez juste \u00e0 vous procurer un carnet ; des votre inscription , les modalit\u00e9s pratiques vous\u00a0 seront donn\u00e9es .<\/em><\/strong><\/p>\n<p style=\"text-align: center;\"><span style=\"font-size: 16px;\">\u00a0 \u00a0\u00a0<\/span><\/p>\n<p style=\"text-align: center;\">\n<\/div><\/div><\/div><\/div><\/div><div id=\"pg-442-3\"  class=\"panel-grid panel-no-style\" ><div id=\"pgc-442-3-0\"  class=\"panel-grid-cell panel-grid-cell-empty\" ><\/div><div id=\"pgc-442-3-1\"  class=\"panel-grid-cell panel-grid-cell-mobile-last\" ><div id=\"panel-442-3-1-0\" class=\"so-panel widget widget_headline-widget panel-first-child panel-last-child\" data-index=\"3\" >\t\t<h1>ATELIERS MENSUELS DE 3H<\/h1>\n\t\t<div class=\"decoration\"><div class=\"decoration-inside\"><\/div><\/div>\n\t\t<h3>EN PRESENTIEL<\/h3>\n\t\t<\/div><\/div><div id=\"pgc-442-3-2\"  class=\"panel-grid-cell panel-grid-cell-empty\" ><\/div><\/div><div id=\"pg-442-4\"  class=\"panel-grid panel-no-style\" ><div id=\"pgc-442-4-0\"  class=\"panel-grid-cell panel-grid-cell-empty\" ><\/div><div id=\"pgc-442-4-1\"  class=\"panel-grid-cell\" ><div id=\"panel-442-4-1-0\" class=\"so-panel widget widget_circleicon-widget panel-first-child panel-last-child\" data-index=\"4\" >\t\t<div class=\"circle-icon-box circle-icon-position-top circle-icon-hide-box circle-icon-size-small\">\n\t\t\t<div class=\"circle-icon-wrapper\">\n\t\t\t\t\t\t\t\t<div class=\"circle-icon\" >\n\t\t\t\t\t<div class=\"fa fa-info\" ><\/div>\t\t\t\t<\/div>\n\t\t\t\t\t\t\t<\/div>\n\n\t\t\t\t\t\t<h4 >Infos<\/h4>\t\t\t\n\t\t\t<p class=\"text\" >Inscription possible toute l\u2019ann\u00e9e        \/    S\u00c9ANCE D\u00c9COUVERTE DE 3 H : 60\u20ac mat\u00e9riel compris<\/p>\t\t\t\t\t<\/div>\n\t\t<\/div><\/div><div id=\"pgc-442-4-2\"  class=\"panel-grid-cell\" ><div id=\"panel-442-4-2-0\" class=\"so-panel widget widget_circleicon-widget panel-first-child panel-last-child\" data-index=\"5\" >\t\t<div class=\"circle-icon-box circle-icon-position-top circle-icon-hide-box circle-icon-size-small\">\n\t\t\t<div class=\"circle-icon-wrapper\">\n\t\t\t\t\t\t\t\t<div class=\"circle-icon icon-style-set\" style=\"background-image: url(http:\/\/S\u00e9ance%20d\u00e9couverte%20%2050\u20ac%20la%20s\u00e9ance%20de%203h)\">\n\t\t\t\t\t<div class=\"fa fa-euro icon-color-set\" ><\/div>\t\t\t\t<\/div>\n\t\t\t\t\t\t\t<\/div>\n\n\t\t\t\t\t\t<h4 >Tarifs<\/h4>\t\t\t\n\t\t\t<p class=\"text\" >50\u20ac la s\u00e9ance ( s\u00e9ance de 3h )  + 30\u20ac cotisation annuelle association<\/p>\t\t\t\t\t<\/div>\n\t\t<\/div><\/div><div id=\"pgc-442-4-3\"  class=\"panel-grid-cell panel-grid-cell-mobile-last\" ><div id=\"panel-442-4-3-0\" class=\"so-panel widget widget_circleicon-widget panel-first-child panel-last-child\" data-index=\"6\" >\t\t<div class=\"circle-icon-box circle-icon-position-top circle-icon-hide-box circle-icon-size-small\">\n\t\t\t<div class=\"circle-icon-wrapper\">\n\t\t\t\t\t\t\t\t<div class=\"circle-icon\" >\n\t\t\t\t\t<div class=\"fa fa-clock-o\" ><\/div>\t\t\t\t<\/div>\n\t\t\t\t\t\t\t<\/div>\n\n\t\t\t\t\t\t<h4 >Horaire<\/h4>\t\t\t\n\t\t\t<p class=\"text\" >              Samedi AM \/mois 14h -17h <\/p>\t\t\t\t\t<\/div>\n\t\t<\/div><\/div><div id=\"pgc-442-4-4\"  class=\"panel-grid-cell panel-grid-cell-empty\" ><\/div><\/div><div id=\"pg-442-5\"  class=\"panel-grid panel-no-style\" ><div id=\"pgc-442-5-0\"  class=\"panel-grid-cell\" ><div id=\"panel-442-5-0-0\" class=\"so-panel widget widget_headline-widget panel-first-child panel-last-child\" data-index=\"7\" >\t\t<h1>Session 2025 - 2026<\/h1>\n\t\t<div class=\"decoration\"><div class=\"decoration-inside\"><\/div><\/div>\n\t\t<h3>INSCRIPTION PAR  TRIMESTRE \/ ATELIER MENSUEL \/ SAMEDI AM 14H -17h<\/h3>\n\t\t<\/div><\/div><\/div><div id=\"pg-442-6\"  class=\"panel-grid panel-no-style\" ><div id=\"pgc-442-6-0\"  class=\"panel-grid-cell panel-grid-cell-empty\" ><\/div><div id=\"pgc-442-6-1\"  class=\"panel-grid-cell\" ><div id=\"panel-442-6-1-0\" class=\"so-panel widget widget_black-studio-tinymce widget_black_studio_tinymce panel-first-child panel-last-child\" data-index=\"8\" ><div class=\"infosRounded panel-widget-style panel-widget-style-for-442-6-1-0\" ><div class=\"textwidget\"><p><strong>\u00a0 \u00a0 \u00a0<\/strong><\/p>\n<p><strong>Trimestre 1 : 18\/10 - 8\/11- 20\/12 \/2025<\/strong><\/p>\n<p><strong>Trimestre 2 : 17\/01 -\u00a0 7\/02 - 21 \/ 03 \/2026<\/strong><\/p>\n<p><strong>Trimestre 3 : 18 \/ 04 - 23 \/ 05 -13 \/06 \/ 2026<\/strong><\/p>\n<p><strong>\u00a0 \u00a0 \u00a0 \u00a0 \u00a0 \u00a0 <\/strong><strong>\u00a0 \u00a0 \u00a0 \u00a0\u00a0<\/strong><\/p>\n<p><span style=\"font-size: 14px; color: #3366ff;\"><em><strong><span style=\"color: #000080;\">\u00a0 \u00a0 \u00a0 \u00a0 \u00a0 \u00a0 \u00a0 \u00a0 \u00a0 \u00a0 \u00a0 \u00a0 \u00a0 \u00a0 \u00a0 \u00a0 \u00a0 \u00a0 \u00a0 \u00a0 \u00a0 \u00a0 \u00a0 \u00a0 \u00a0 \u00a0 \u00a0 \u00a0 \u00a0 \u00a0 \u00a0 \u00a0 \u00a0 \u00a0 \u00a0 \u00a0 \u00a0 \u00a0 \u00a0 \u00a0 \u00a0 \u00a0\u00a0 <\/span><\/strong><\/em><\/span><\/p>\n<p><strong>\u00a0<\/strong><\/p>\n<p style=\"text-align: center;\"><strong>\u00a0\u00a0<\/strong><\/p>\n<p>&nbsp;<\/p>\n<\/div><\/div><\/div><\/div><div id=\"pgc-442-6-2\"  class=\"panel-grid-cell panel-grid-cell-empty panel-grid-cell-mobile-last\" ><\/div><div id=\"pgc-442-6-3\"  class=\"panel-grid-cell panel-grid-cell-empty\" ><\/div><\/div><\/div>","protected":false},"excerpt":{"rendered":"<p>Atelier carnet cr\u00e9atif en voyage LA CREATIVITE , C&rsquo;EST L&rsquo;INTELLIGENCE QUI S&rsquo;AMUSE UNE APPROCHE LUDIQUE POUR DONNER DES AILES A SA CREATIVITE\u00a0 \u00a0 \u00a0 \u00a0 \u00a0 \u00a0 \u00a0 \u00a0 \u00a0 \u00a0 \u00a0 \u00a0 \u00a0 \u00a0 \u00a0 \u00a0 \u00a0 \u00a0 \u00a0\u00a0 \u00a0Le carnet cr\u00e9atif en voyage est un livre de bord personnel\u00a0 orient\u00e9 sur un th\u00e8me\u00a0 [&hellip;]<\/p>\n","protected":false},"author":3,"featured_media":0,"parent":0,"menu_order":0,"comment_status":"closed","ping_status":"closed","template":"","meta":{"_exactmetrics_skip_tracking":false,"_exactmetrics_sitenote_active":false,"_exactmetrics_sitenote_note":"","_exactmetrics_sitenote_category":0,"footnotes":""},"class_list":["post-442","page","type-page","status-publish","hentry","post"],"_links":{"self":[{"href":"http:\/\/les-jardins-du-bien-etre.com\/index.php?rest_route=\/wp\/v2\/pages\/442","targetHints":{"allow":["GET"]}}],"collection":[{"href":"http:\/\/les-jardins-du-bien-etre.com\/index.php?rest_route=\/wp\/v2\/pages"}],"about":[{"href":"http:\/\/les-jardins-du-bien-etre.com\/index.php?rest_route=\/wp\/v2\/types\/page"}],"author":[{"embeddable":true,"href":"http:\/\/les-jardins-du-bien-etre.com\/index.php?rest_route=\/wp\/v2\/users\/3"}],"replies":[{"embeddable":true,"href":"http:\/\/les-jardins-du-bien-etre.com\/index.php?rest_route=%2Fwp%2Fv2%2Fcomments&post=442"}],"version-history":[{"count":8,"href":"http:\/\/les-jardins-du-bien-etre.com\/index.php?rest_route=\/wp\/v2\/pages\/442\/revisions"}],"predecessor-version":[{"id":1217,"href":"http:\/\/les-jardins-du-bien-etre.com\/index.php?rest_route=\/wp\/v2\/pages\/442\/revisions\/1217"}],"wp:attachment":[{"href":"http:\/\/les-jardins-du-bien-etre.com\/index.php?rest_route=%2Fwp%2Fv2%2Fmedia&parent=442"}],"curies":[{"name":"wp","href":"https:\/\/api.w.org\/{rel}","templated":true}]}}

Carnet créatif en voyage

<div id="pl-442"  class="panel-layout" ><div id="pg-442-0"  class="panel-grid panel-no-style" ><div id="pgc-442-0-0"  class="panel-grid-cell" ><div id="panel-442-0-0-0" class="so-panel widget widget_headline-widget panel-first-child panel-last-child" data-index="0" >		<h1>Atelier carnet créatif en voyage</h1>
		<div class="decoration"><div class="decoration-inside"></div></div>
		<h3> LA CREATIVITE , C'EST L'INTELLIGENCE QUI S'AMUSE </h3>
		</div></div></div><div id="pg-442-1"  class="panel-grid panel-no-style" ><div id="pgc-442-1-0"  class="panel-grid-cell" ><div id="panel-442-1-0-0" class="so-panel widget widget_sow-image panel-first-child panel-last-child" data-index="1" ><div
			
			class="so-widget-sow-image so-widget-sow-image-default-c67d20f9f743-442"
			
		>
<div class="sow-image-container">
		<img 
	src="http://les-jardins-du-bien-etre.com/wp-content/uploads/2024/05/simon-alexis-117.jpg" width="1547" height="563" srcset="http://les-jardins-du-bien-etre.com/wp-content/uploads/2024/05/simon-alexis-117.jpg 1547w, http://les-jardins-du-bien-etre.com/wp-content/uploads/2024/05/simon-alexis-117-300x109.jpg 300w, http://les-jardins-du-bien-etre.com/wp-content/uploads/2024/05/simon-alexis-117-1024x373.jpg 1024w, http://les-jardins-du-bien-etre.com/wp-content/uploads/2024/05/simon-alexis-117-768x279.jpg 768w, http://les-jardins-du-bien-etre.com/wp-content/uploads/2024/05/simon-alexis-117-1536x559.jpg 1536w" sizes="(max-width: 1547px) 100vw, 1547px" title="La créativité c&#039;est l&#039;intelligence qui s&#039;amuse.." alt="" 		class="so-widget-image"/>
	</div>

</div></div></div></div><div id="pg-442-2"  class="panel-grid panel-has-style" ><div class="wide-grey panel-row-style panel-row-style-for-442-2" ><div id="pgc-442-2-0"  class="panel-grid-cell" ><div id="panel-442-2-0-0" class="so-panel widget widget_black-studio-tinymce widget_black_studio_tinymce panel-first-child panel-last-child" data-index="2" ><h3 class="widget-title">UNE APPROCHE LUDIQUE POUR  DONNER DES AILES A SA CREATIVITE</h3><div class="textwidget"><p style="text-align: center;"><span style="font-size: 14px;">                   </span></p>
<p style="text-align: center;"><span style="font-size: 14px;">                  </span></p>
<p style="text-align: center;"><span style="font-family: tahoma, arial, helvetica, sans-serif;"><b><i><span style="font-size: 20px;"> <span style="font-size: 16px;">Le carnet créatif en voyage est un livre de bord personnel </span></span></i></b></span></p>
<p style="text-align: center;"><span style="font-family: tahoma, arial, helvetica, sans-serif; font-size: 16px;"><b><i>orienté sur un thème  qui facilite la spontanéité et l'expression de sa sensibilté </i></b></span><b><i></i></b><span style="font-family: tahoma, arial, helvetica, sans-serif; font-size: 16px;"><b><i>..</i></b></span></p>
<p style="text-align: center;"><span style="font-size: 16px; font-family: tahoma, arial, helvetica, sans-serif;"><strong><em>C'est un espace intime où poésie et plaisir se conjuguent au présent </em></strong></span></p>
<p style="text-align: center;"><span style="font-size: 14px;">  <span style="font-size: 16px;">Le carnet créatif en voyage  s'adresse à tout le monde .</span></span></p>
<p style="text-align: center;"><span style="font-size: 16px;">         </span></p>
<p>Votre carnet est votre terrain de jeu artistique , un laboratoire personnel où vous pourrez expérimenter et apprendre . Il sera un objet précieux , la trace de votre propre expérience graphique et la manifestation de votre style personnel .</p>
<p>A chaque séance , vous composerez une page de votre carnet sur un thème proposé .L'apprentissage se fait au travers de démonstrations pas à pas qui permettent à chacun de créer à son rythme . Chaque séance se termine avec un partage d'expérience .</p>
<p><strong><em>Le matériel de base est fourni ; vous aurez juste à vous procurer un carnet ; des votre inscription , les modalités pratiques vous  seront données .</em></strong></p>
<p style="text-align: center;"><span style="font-size: 16px;">    </span></p>
<p style="text-align: center;">
</div></div></div></div></div><div id="pg-442-3"  class="panel-grid panel-no-style" ><div id="pgc-442-3-0"  class="panel-grid-cell panel-grid-cell-empty" ></div><div id="pgc-442-3-1"  class="panel-grid-cell panel-grid-cell-mobile-last" ><div id="panel-442-3-1-0" class="so-panel widget widget_headline-widget panel-first-child panel-last-child" data-index="3" >		<h1>ATELIERS MENSUELS DE 3H</h1>
		<div class="decoration"><div class="decoration-inside"></div></div>
		<h3>EN PRESENTIEL</h3>
		</div></div><div id="pgc-442-3-2"  class="panel-grid-cell panel-grid-cell-empty" ></div></div><div id="pg-442-4"  class="panel-grid panel-no-style" ><div id="pgc-442-4-0"  class="panel-grid-cell panel-grid-cell-empty" ></div><div id="pgc-442-4-1"  class="panel-grid-cell" ><div id="panel-442-4-1-0" class="so-panel widget widget_circleicon-widget panel-first-child panel-last-child" data-index="4" >		<div class="circle-icon-box circle-icon-position-top circle-icon-hide-box circle-icon-size-small">
			<div class="circle-icon-wrapper">
								<div class="circle-icon" >
					<div class="fa fa-info" ></div>				</div>
							</div>

						<h4 >Infos</h4>			
			<p class="text" >Inscription possible toute l’année        /    SÉANCE DÉCOUVERTE DE 3 H : 60€ matériel compris</p>					</div>
		</div></div><div id="pgc-442-4-2"  class="panel-grid-cell" ><div id="panel-442-4-2-0" class="so-panel widget widget_circleicon-widget panel-first-child panel-last-child" data-index="5" >		<div class="circle-icon-box circle-icon-position-top circle-icon-hide-box circle-icon-size-small">
			<div class="circle-icon-wrapper">
								<div class="circle-icon icon-style-set" style="background-image: url(http://Séance%20découverte%20%2050€%20la%20séance%20de%203h)">
					<div class="fa fa-euro icon-color-set" ></div>				</div>
							</div>

						<h4 >Tarifs</h4>			
			<p class="text" >50€ la séance ( séance de 3h )  + 30€ cotisation annuelle association</p>					</div>
		</div></div><div id="pgc-442-4-3"  class="panel-grid-cell panel-grid-cell-mobile-last" ><div id="panel-442-4-3-0" class="so-panel widget widget_circleicon-widget panel-first-child panel-last-child" data-index="6" >		<div class="circle-icon-box circle-icon-position-top circle-icon-hide-box circle-icon-size-small">
			<div class="circle-icon-wrapper">
								<div class="circle-icon" >
					<div class="fa fa-clock-o" ></div>				</div>
							</div>

						<h4 >Horaire</h4>			
			<p class="text" >              Samedi AM /mois 14h -17h </p>					</div>
		</div></div><div id="pgc-442-4-4"  class="panel-grid-cell panel-grid-cell-empty" ></div></div><div id="pg-442-5"  class="panel-grid panel-no-style" ><div id="pgc-442-5-0"  class="panel-grid-cell" ><div id="panel-442-5-0-0" class="so-panel widget widget_headline-widget panel-first-child panel-last-child" data-index="7" >		<h1>Session 2025 - 2026</h1>
		<div class="decoration"><div class="decoration-inside"></div></div>
		<h3>INSCRIPTION PAR  TRIMESTRE / ATELIER MENSUEL / SAMEDI AM 14H -17h</h3>
		</div></div></div><div id="pg-442-6"  class="panel-grid panel-no-style" ><div id="pgc-442-6-0"  class="panel-grid-cell panel-grid-cell-empty" ></div><div id="pgc-442-6-1"  class="panel-grid-cell" ><div id="panel-442-6-1-0" class="so-panel widget widget_black-studio-tinymce widget_black_studio_tinymce panel-first-child panel-last-child" data-index="8" ><div class="infosRounded panel-widget-style panel-widget-style-for-442-6-1-0" ><div class="textwidget"><p><strong>     </strong></p>
<p><strong>Trimestre 1 : 18/10 - 8/11- 20/12 /2025</strong></p>
<p><strong>Trimestre 2 : 17/01 -  7/02 - 21 / 03 /2026</strong></p>
<p><strong>Trimestre 3 : 18 / 04 - 23 / 05 -13 /06 / 2026</strong></p>
<p><strong>            </strong><strong>        </strong></p>
<p><span style="font-size: 14px; color: #3366ff;"><em><strong><span style="color: #000080;">                                                                                     </span></strong></em></span></p>
<p><strong> </strong></p>
<p style="text-align: center;"><strong>  </strong></p>
<p>&nbsp;</p>
</div></div></div></div><div id="pgc-442-6-2"  class="panel-grid-cell panel-grid-cell-empty panel-grid-cell-mobile-last" ></div><div id="pgc-442-6-3"  class="panel-grid-cell panel-grid-cell-empty" ></div></div></div>

<p>Atelier carnet créatif en voyage LA CREATIVITE , C&rsquo;EST L&rsquo;INTELLIGENCE QUI S&rsquo;AMUSE UNE APPROCHE LUDIQUE POUR DONNER DES AILES A SA CREATIVITE                                        Le carnet créatif en voyage est un livre de bord personnel  orienté sur un thème  [&hellip;]</p>
